*3 + 2*u**2 + 3*u + 3. What is i(-2)?
-3
Let n(l) = 4*l**3. Give n(1).
4
Let p(o) = 14*o - 29. Calculate p(2).
-1
Let y(l) = -l**2 + 6*l + 4. Give y(-4).
-36
Let s(z) = z**3 - 11*z**2 + 11*z - 14. What is s(10)?
-4
Let y(p) = 2*p**2 - 15*p + 10. Determine y(6).
-8
Let t(y) = 3*y**2 + 80*y - 17. Determine t(-27).
10
Let c(t) = -57*t + 164. Calculate c(3).
-7
Let n(p) = 3*p**2 + 3*p - 2. Determine n(-4).
34
Let c(f) = f**3 + 6*f**2 - 2*f - 1. Determine c(-6).
11
Let l(t) = t**3 - 3*t**2 - 2*t - 5. Calculate l(4).
3
Let l(m) = 3*m**2 - m. Give l(-5).
80
Let b(d) = -d**2 + 9*d + 1. Determine b(9).
1
Let b(y) = -21*y - 38. What is b(3)?
-101
Let y(n) = -n**3 + 5*n**2 + 48*n - 237. Calculate y(5).
3
Let t(p) = -p**2 - 8*p + 18. What is t(-11)?
-15
Let i(w) = -w**3 - w**2 - w - 41. Calculate i(0).
-41
Let p(q) = q**2 + 13*q + 30. Determine p(-9).
-6
Let r(a) = a - 2. Give r(4).
2
Let s(k) = 3*k**3 - 28*k**2 + 11*k - 19. Calculate s(9).
-1
Let z(t) = 4*t + 8. Give z(6).
32
Let s(b) = -4*b - 5. What is s(3)?
-17
Let h(c) = 3*c**2 - 5*c - 7. Give h(3).
5
Let d(l) = -l**2 + 14*l + 20. Determine d(15).
5
Let i(h) = -h**3 - 4*h**2 - 3*h - 6. Give i(-4).
6
Let x(j) = -j**2 - 12*j - 10. Calculate x(-8).
22
Let x(j) = 6*j**2 + j - 6. What is x(3)?
51
Let a(u) = -4*u - 10. Give a(7).
-38
Let v(f) = -4*f**3 + 27*f**2 + 3*f + 27. Determine v(7).
-1
Let p(l) = 4*l + 218. Determine p(-54).
2
Let z(n) = -n**2 - 17*n - 16. Calculate z(-13).
36
Let b(m) = m**3 - 8*m**2 + 5*m + 5. Calculate b(8).
45
Let u(w) = -26*w - 990. What is u(-38)?
-2
Let m(i) = 4*i**2 + i - 1. Calculate m(-2).
13
Let u(r) = r**3 + 11*r**2 + 13*r + 22. Calculate u(-9).
67
Let j(v) = -v**3 - 12*v**2 + 13*v - 9. What is j(-13)?
-9
Let m(j) = -j**2 - 3*j + 4. What is m(2)?
-6
Let t(r) = -r**2 - 2*r - 4. Give t(-5).
-19
Let v(h) = -h + 16. What is v(11)?
5
Let a(l) = -85*l**2 + 3*l - 2. What is a(1)?
-84
Let d(k) = -2*k - 4. Determine d(-6).
8
Let t(c) = -3*c**2 + 79*c + 52. Give t(27).
-2
Let l(k) = 3*k**2 - 34*k + 12. Give l(11).
1
Let s(k) = -21*k - 1680. Give s(-80).
0
Let b(v) = 52*v**3 - v**2 + 2*v - 2. Determine b(1).
51
Let i(g) = g**3 - 43*g**2 - 42*g - 97. What is i(44)?
-9
Let o(d) = -d + 4. Calculate o(-8).
12
Let v(a) = -2*a**2 + 23*a + 6. Determine v(13).
-33
Let j(z) = -8*z + 77. Give j(9).
5
Let t(n) = n**3 - 6*n**2 - 26*n + 5. Give t(9).
14
Let x(o) = -o**3 + 9*o**2 + 11*o - 1. Calculate x(10).
9
Let q(h) = h**3 + 3*h**2 + 3*h. Give q(-2).
-2
Let d(s) = 3*s - 24. Determine d(6).
-6
Let w(m) = -m**3 + 2*m**2 - m - 1. Give w(-2).
17
Let r(j) = j**2 + 10*j + 7. Give r(-8).
-9
Let w(b) = -b**3 + 12*b**2 - 7. Give w(12).
-7
Let b(a) = 85*a + 183. Give b(-2).
13
Let q(c) = c + 9. What is q(-7)?
2
Let t(w) = -w**3 - 7*w**2 + 6*w + 3. Determine t(-8).
19
Let k(a) = a**2 + 19*a + 96. Calculate k(-9).
6
Let g(l) = -2*l**2 + 14*l - 24. Determine g(3).
0
Let h(z) = -z**3 + 6*z**2 + 2*z - 6. What is h(6)?
6
Let t(n) = -n**3 - 17*n**2 - 74*n - 10. Calculate t(-9).
8
Let f(i) = -i**2 - 7*i - 8. Give f(7).
-106
Let v(y) = y**2 + 14*y - 11. Give v(-16).
21
Let i(h) = h**3 + 8*h**2 + 9*h - 1. Determine i(-7).
-15
Let w(z) = 7*z**3 + 1. Calculate w(1).
8
Let a(u) = -u**2 + 2*u - 1. Determine a(3).
-4
Let r(l) = -l - 15. Give r(-18).
3
Let r(a) = 2*a - 7. Give r(6).
5
Let n(d) = -d**3 + 13*d**2 - 16*d + 22. Give n(12).
-26
Let u(f) = 5*f + 38. What is u(-6)?
8
Let x(k) = -k**3 + 7*k**2 - 9*k + 12. Give x(5).
17
Let n(u) = 2*u**3 + 3*u**2 + 4*u - 2. Give n(-3).
-41
Let s(u) = -2*u**3 + 2*u**2 + 1. Give s(2).
-7
Let w(n) = -2*n**2 - 15*n + 37. What is w(-9)?
10
Let s(v) = 5*v**2 + 4*v - 3. Determine s(2).
25
Let t(o) = 3*o - 10. Give t(4).
2
Let a(f) = -2*f**3 - 16*f**2 + 10. Calculate a(-8).
10
Let x(j) = -42*j + 15. What is x(0)?
15
Let i(x) = 4*x**2 + 82*x + 45. Give i(-20).
5
Let t(j) = 9*j**2 + 7*j - 15. Determine t(3).
87
Let d(t) = 2*t + 15. Calculate d(-14).
-13
Let k(v) = v**3 + 10*v**2 - 11*v - 36. Determine k(-11).
-36
Let i(r) = -2*r**2 - 33*r - 79. Give i(-14).
-9
Let s(u) = 3*u + 2. Calculate s(-1).
-1
Let v(w) = -20*w**2 + 7*w + 6. What is v(-1)?
-21
Let m(n) = n**3 + 16*n**2 + 22*n + 113. Determine m(-15).
8
Let w(a) = -20*a + 15. Determine w(-2).
55
Let d(v) = -23*v + 206. Determine d(9).
-1
Let j(b) = -3*b**3 - 11*b**2 - 5*b + 4. What is j(-4)?
40
Let y(h) = -2*h**2 - 11*h - 1. Calculate y(-9).
-64
Let b(l) = -2*l**2 - 4*l + 6. Give b(-5).
-24
Let k(v) = v**3 - 5*v**2 - 6*v + 4. What is k(5)?
-26
Let f(m) = -m**3 + 14*m**2 + 16*m - 20. Give f(15).
-5
Let y(u) = u**3 - 4*u**2 - 4*u - 8. Calculate y(5).
-3
Let f(x) = 5*x + 44. Give f(-10).
-6
Let p(q) = -q**3 - 15*q**2 + 17*q + 22. Determine p(-16).
6
Let f(l) = 2*l**3 + l**2 - 4*l + 4. Calculate f(3).
55
Let v(y) = y**3 + 5*y**2 - 2*y - 6. Determine v(-4).
18
Let y(f) = 20*f + 1. Give y(-1).
-19
Let v(z) = -52*z + 306. Give v(6).
-6
Let r(u) = u**3 + 6*u**2 - 4*u + 94. Calculate r(-8).
-2
Let r(w) = -6*w**2 - 139*w + 140. Determine r(1).
-5
Let g(n) = n + 52. What is g(-42)?
10
Let y(n) = 6*n**2 - 7*n + 14. Calculate y(2).
24
Let d(h) = -h**2 + 22*h + 93. Determine d(22).
93
Let o(u) = u**2 + 5*u - 16. Determine o(-11).
50
Let u(r) = r**2 - 10*r + 5. Calculate u(4).
-19
Let u(d) = 6*d - 9. Give u(2).
3
Let k(x) = -x**2 - 2*x - 76. What is k(0)?
-76
Let c(u) = -u**2 - 8*u - 5. What is c(-5)?
10
Let a(o) = 17*o + 3. Give a(-2).
-31
Let s(y) = 2*y + 26. What is s(-20)?
-14
Let d(f) = f**3 + 5*f**2 - 2*f + 1. Determine d(-4).
25
Let w(z) = -z**3 + 13*z**2 + 5*z + 10. Calculate w(14).
-116
Let r(g) = -g**2 + 18*g - 75. Give r(14).
-19
Let t(n) = -n**2 + 5*n + 5. Determine t(3).
11
Let f(s) = 7*s - 13. Calculate f(5).
22
Let j(o) = o**3 - o**2 - 2*o. Calculate j(2).
0
Let p(o) = 13*o - 140. Give p(11).
3
Let x(b) = b + 6. Give x(-3).
3
Let s(o) = 18*o - 134. What is s(8)?
10
Let f(z) = 95*z - 659. Calculate f(7).
6
Let t(f) = -f**2 - f + 13. Give t(0).
13
Let u(y) = 10*y + 15. What is u(3)?
45
Let s(f) = -2*f**2 - 3*f + 18. What is s(-8)?
-86
Let g(t) = -16*t + 70. Calculate g(5).
-10
Let a(c) = 2*c. Give a(1).
2
Let x(y) = 6*y + 23. Determine x(-5).
-7
Let q(f) = -f**3 - 8*f**2 - 12*f - 39. Give q(-7).
-4
Let d(a) = -3*a - 10. What is d(-4)?
2
Let q(x) = -x**2 + 14*x + 1. Calculate q(2).
25
Let n(u) = -2*u**2 + 45*u - 101. What is n(20)?
-1
Let i(t) = 2*t**3 - 11*t**2 + 9*t - 15. What is i(5)?
5
Let f(o) = -o**3 + 12*o**2 - 13*o + 3. Determine f(11).
-19
Let m(w) = -3*w**3 + w**2 + w + 2. Determine m(-2).
28
Let d(u) = -8*u**2. What is d(1)?
-8
Let z(c) = c**2 + 12*c - 7. Give z(-11).
-18
Let u(q) = q - 4. Calculate u(-11).
-15
Let n(o) = -6*o. Calculate n(5).
-30
Let c(l) = l**3 + 8*l**2 - 32*l + 2. Calculate c(-11).
-9
Let f(k) = -28*k - 71. Determine f(-6).
97
Let r(q) = 3*q**2 + q - 10. Determine r(-4).
34
Let z(n) = n + 23. Give z(13).
36
Let z(f) = -f**3 + 22*f**2 + 25*f - 19. Determine z(23).
27
Let q(i) = -15*i**3 - 3*i**2 - 2*i. What is q(-1)?
14
Let o(t) = 8*t**2 - 3*t - 7. What is o(-2)?
31
Let x(q) = -q**2 + 15*q + 22. Calculate x(16).
6
Let f(i) = -i**3 + 2*i**2 - 4*i + 7. What is f(3)?
-14
Let g(d) = -d**2 - 5*d - 6. Give g(-6).
-12
Let b(k) = -5*k - 1. Give b(-6).
29
Let i(z) = -4*z**3 + z**2 - 3*z - 3. Calculate i(0).
-3
Let h(r) = -r**3 - 6*r**2 + 7*r + 30. What is h(-5)?
-30
Let g(m) = -m**3 + 6*m**2 - 7*m + 9. Calculate g(6).
-33
Let c(m) = 15*m - 27. Calculate c(5).
48
Let f(k) = k**3 - 3*k**2 - 6*k - 3. Calculate f(5).
17
Let i(m) = -m**2 - 20*m + 26. Determine i(-21).
5
Let p(y) = -y**2 - y + 20. Determine p(-6).
-10
Let f(a) = 21*a - 11. Give f(2).
31
Let h(y) = -y**3 + 74*y**2 - 75*y + 147. What is h(73)?
1
Let o(v) = 3*v**3 - 3*v - 2. Calculate o(-2).
-20
Let o(f) = -11*f**3 - 11*f - 11. Determine o(-1).
11
Let s(q) = -4*q**2 + 31*q - 6. Determine s(7).
15
Let r(t) = t**2 - 2*t - 331. Give r(-18).
29
Let c(b) = -b**3 - 12*b**2 - 31*b + 6. Give c(-5).
-14
Let c(a) = a**3 + 7*a**2 + 3*a + 23. Calculate c(-7).
2
Let g(v) = -v**3 - 9*v**2 + 12*v - 16. What is g(-10)?
-36
Let b(a) = a - 13. What is b(8)?
-5
Let r(l) = l**3 + 26*l**2 + 25*l + 9. Determine r(-25).
9
Let f(i) = -2*i**2 - 2*i + 1. What is f(-3)?
-11
Let c(q) = -q**3 + 6*q**2 + 2*q + 29. What is c(7)?
-6
Let l(c) = -2*c**2 + 13*c - 13. Determine l(8).
-37